ime factors of (40/c - -3)*-96.
2
Let g be ((-55)/20)/(1/4). Let o = g - -14. Suppose 2*v - 79 = -3*x, -2*v = -6*x + o*x - 109. What are the prime factors of v?
47
Let d = -2759 + 4165. List the prime factors of d.
2, 19, 37
Let l be (2/6)/((-16)/(-240)). What are the prime factors of (-2)/l - 352/(-5)?
2, 5, 7
Let d(v) = -v**2 - 6*v + 19. Let w be d(-8). Let a be (2/w)/(2/(-3)). List the prime factors of 2*a/4*-66.
3, 11
Suppose -4*m + 5 = -11. Suppose -p - 6 = 2*j, p = -4*j + 3*p + m. List the prime factors of j/((-141)/69 - -2).
23
Let m(u) = 4*u - 14. Let a be -6 + -4 + 0 + 0. Let k be a/2*42/(-35). What are the prime factors of m(k)?
2, 5
List the prime factors of 390*1 - (-210)/30.
397
Let v(u) = -u**2 - 13*u - 15. Let r = 16 + -11. Suppose 5*c + 5*g = -50, 0 = -r*g + 5. List the prime factors of v(c).
7
Let w be (-3 - (-2 + 0))/((-1)/(-3)). List the prime factors of (-2)/(-5) - (116/(-10) - w).
3
What are the prime factors of ((-8)/(-6))/(54/31266)?
2, 193
Let v = -353 - -767. What are the prime factors of v?
2, 3, 23
Let q(n) = -n**3 + 3*n**2 - 2. List the prime factors of q(-8).
2, 3, 13
Let i = -566 + 1067. What are the prime factors of i?
3, 167
Suppose -15*g = -19*g + 16. Suppose -35 = g*c - 9*c. What are the prime factors of c?
7
Let t(v) = -18*v**3 - 5*v**2 - 9*v - 6. What are the prime factors of t(-3)?
2, 3, 7, 11
Suppose -n + 650 = 3*y + 2*y, 3*n - 1886 = y. List the prime factors of (-8)/(-14) - n/(-98).
7
Let b(g) be the second derivative of -g**4/12 + 5*g**3/6 - 2*g**2 + 7*g. Let s be b(4). Let m(a) = -2*a + 12. What are the prime factors of m(s)?
2, 3
Suppose -30*c + 17457 = 3747. List the prime factors of c.
457
Suppose -17*z = -13*z - 944. Suppose 0 = 5*b - 5*m - 165, -6*b + 2*b + 120 = 2*m. Suppose 5*t + b - z = 0. List the prime factors of t.
41
Suppose 35*o - 14400 = 8000. What are the prime factors of o?
2, 5
Let k(n) = -n**3 + 5*n**2 + n - 5. Let y be k(5). Suppose 2*m + 2*l - 46 = -14, 5*m - 3*l - 48 = y. What are the prime factors of m?
2, 3
Suppose -4*x = 2*h - 432, 0 = -2*x + 4*x + 3*h - 216. Let v = x + -44. Suppose 0 = 4*p - 2*l - v, l + 24 + 62 = 5*p. List the prime factors of p.
2, 3
Let l(q) be the third derivative of -1/60*q**5 - 6*q**2 + 0 - q**3 + 0*q + 1/3*q**4. What are the prime factors of l(5)?
3
Suppose 1 = -x - 0*x + 2*q, x = -5*q + 27. Let s = -7 + x. Suppose s = 3*c - 23 + 2. List the prime factors of c.
7
Let t(y) be the second derivative of 11*y**4/12 - y**3 + 3*y**2 + y. What are the prime factors of t(4)?
2, 79
Let j(o) = o**2 - 5*o - 79. What are the prime factors of j(25)?
421
Let m(c) = -6*c - 3. Let a be (0 + -1)/((-1)/(-7)). Let i be m(a). List the prime factors of (i/(-6))/(2/(-4)).
13
List the prime factors of (-22 - -3)/(1/(-18)).
2, 3, 19
Suppose -54 = -3*z - 3. Suppose 13*j + 452 = z*j. List the prime factors of j.
113
Let w = -95 + 88. Let g(o) = 8*o**2 + 25*o + 6. What are the prime factors of g(w)?
223
Suppose 31310 = -103*g + 113*g. List the prime factors of g.
31, 101
Let a(t) be the first derivative of t**3 - 7*t**2/2 + 10*t + 13. What are the prime factors of a(7)?
2, 3
Let h = 75 - 77. What are the prime factors of (-4 - 315/6)*(-6 - h)?
2, 113
Let o(d) = 4*d**2 - 2*d + 1. Let k be o(1). Suppose 2*m = k*m - 4*f - 172, 2*f - 202 = -m. What are the prime factors of m?
2, 3
Let u = 64 - 60. Suppose 2*n = c + 167 + 72, -2*n + 230 = -u*c. List the prime factors of n.
11
Suppose 5*h = -5*a + 4475, 0*h - 3*a = 4*h - 3585. List the prime factors of h.
2, 3, 5
Let j(g) = -53*g - 3. What are the prime factors of j(-4)?
11, 19
Let f(j) = -58*j + 6. Let o be f(-3). Suppose 3*u - o = -5*v + 2*u, 2*v = -2*u + 64. List the prime factors of v.
37
Suppose -20502 + 5326 = -7*j. What are the prime factors of j?
2, 271
Let a(o) = -o**2 + o + 6. Let y be a(-3). List the prime factors of -4 + 3 - y*(1 + 3).
23
Let g(n) = -5*n**2 - 3*n + 14. Let f(o) = -6*o**2 - 3*o + 15. Let u(k) = 6*f(k) - 7*g(k). Let d be u(6). Let t = d + 107. What are the prime factors of t?
3
Suppose 2*f - 5*w - 1293 = -2*w, 3*f + 3*w = 1947. What are the prime factors of f?
2, 3
Let k = -106 + 111. Suppose -969 = -5*z + 4*f, -3*z = -k*z - 2*f + 402. What are the prime factors of z?
197
Let y(m) = 32*m**3 - m**2 + 2*m - 1. Suppose 25 = 5*w - 5. Let o be (-5)/(-2) - w/4. List the prime factors of y(o).
2
List the prime factors of (-440)/110*((-2918)/8 - -2).
1451
Let v = -18 - -12. Let n(k) = -k**3 - 7*k**2 - 13*k. List the prime factors of n(v).
2, 3, 7
Suppose -m + 847 = -2*s, m - 53 = -4*s + 776. List the prime factors of m.
29
Suppose 4*j = 3*j + 2. Suppose 4*k - j*k = 38. List the prime factors of k.
19
Suppose 0 = -3*o - 4*o + 3591. What are the prime factors of o?
3, 19
Let n(x) = -64*x + 6. What are the prime factors of n(-4)?
2, 131
Suppose -b - 8 = -g, 2*b = -4*g + 5*b + 33. Suppose 0 = 2*d - 2*m - 190, 478 = d + 4*d - 2*m. Suppose 6*f + d = g*f. List the prime factors of f.
2
Let n(x) = -15*x + 3. Let u be n(-3). Let v = 81 - u. Suppose 3*p - 29 = 2*k, p + 2*k + 2*k - v = 0. List the prime factors of p.
13
Suppose 5*a - 16*a = -1155. Let n = a - 2. What are the prime factors of n?
103
Let s = 329 + 378. What are the prime factors of s?
7, 101
Let p be (15/(-7))/5 - (-45)/7. Suppose -8*v + p*v = -114. List the prime factors of v.
3, 19
Suppose 228*p = 237*p - 1296. What are the prime factors of p?
2, 3
Let b = 205 - 205. Let f = 2 - 6. List the prime factors of (f - b) + 7 + 5.
2
Let t(d) = -d**3 + 13*d**2 - 14*d + 9. Let s be t(11). Let a = s + 8. List the prime factors of a.
3, 5, 7
Suppose 32*m - 37*m + 1960 = 0. List the prime factors of m.
2, 7
Let y = 2062 - 37192. What are the prime factors of (-1)/5 - y/150?
2, 3, 13
Let i(n) = 47*n**2 + 6*n + 10. Let l(v) = 23*v**2 + 3*v + 5. Let z(u) = -4*i(u) + 9*l(u). List the prime factors of z(4).
3, 107
Suppose -47 = 12*f + 1. What are the prime factors of (f/10)/((-5)/825)?
2, 3, 11
Let i be (-4)/6*(-2 - 1). Let t = 21 + -10. What are the prime factors of 106/22 + i/t?
5
Let o be 1 - 1 - (-16)/(-1). What are the prime factors of o/(-7 - -3)*9?
2, 3
What are the prime factors of (((-66)/(-11))/6)/(1/1135)?
5, 227
Suppose 20730 + 13498 = 43*y. List the prime factors of y.
2, 199
Let d(j) = j**2 + j. Let g(m) be the third derivative of -m**5/15 - m**4/24 - m**3/6 + 5*m**2. Let i(k) = -5*d(k) - g(k). What are the prime factors of i(-3)?
2
Suppose 0 = 4*b + 2*m - 30, b - 2*b + m + 9 = 0. Suppose 2*h - 2*t - 120 = 0, -3*h - b = 5*t - 228. What are the prime factors of h?
5, 13
Let q(g) = -15*g**3 - 3*g**2 - g + 1. What are the prime factors of q(-6)?
43, 73
Suppose 6 = -2*u - 2*a, -2*a = 5*u - a - 1. Let c be (u/3)/(2/24). Suppose -y + c = -7. List the prime factors of y.
11
Suppose 2*v + 5*b = 1948, 0*v - 3924 = -4*v - 3*b. List the prime factors of v.
2, 3, 41
Let d(p) = 7*p**2 + 8*p + 24. List the prime factors of d(7).
3, 47
Suppose 0 = 11*s - 6*s. Suppose 3*d = s, 4*d = -5*k + 85 + 285. What are the prime factors of k?
2, 37
What are the prime factors of (1 + -2643)*(190/(-20) + 9)?
1321
Let l(o) be the third derivative of 0 - 17/24*o**4 + 6*o**2 + 0*o - 13/6*o**3 - 7/30*o**5 - 1/120*o**6. List the prime factors of l(-13).
3, 13
Suppose 2*a = -10, -4*j = -5*a - 44 - 53. Suppose 13*n = j*n - 1225. List the prime factors of n.
5, 7
Suppose -2*h + 972 = 2*s - 7*s, -2*h = 4*s - 936. What are the prime factors of h?
2, 7, 17
List the prime factors of 3 + 4 + -5 - -1208.
2, 5, 11
Let t(b) be the third derivative of -b**6/120 + b**5/6 - b**4/3 - 13*b**3/6 - 4*b**2. Let h be t(9). List the prime factors of h/6 + 44/3.
2, 7
Suppose 5*m + 36 = 2*u, 0 = -4*u - 5*m + 6 + 6. Let r(h) = h**3 - 7*h**2 + 9*h - 7. What are the prime factors of r(u)?
3, 43
Let r = -491 + 647. What are the prime factors of r?
2, 3, 13
Suppose -2*t = -19 - 17. Let a = -1 + 2. What are the prime factors of t + (-3 - -3) + a?
19
Let t be 0/(1 + (-3 - -3)). Suppose -2*q = -t*q - 10. Suppose -s = q*m - 26, 3*s - m = 3*m + 21. List the prime factors of s.
11
Let k = -2 + 6. Suppose k*x - 302 = 338. List the prime factors of 5/2*x/50.
2
Let x(u) = u - 8. Let k be (-2)/(0 - -2) - -6. Let f be x(k). Let t = f + 14. List the prime factors of t.
11
Let d(p) = -p**3 + 40*p**2 - 72*p + 158. What are the prime f